8
Let h(g) = -7*g**2 - 2*g + 26. What is h(-5)?
-139
Let u(k) = -3*k**3 + 17*k**2 - 51*k + 300. Determine u(5).
95
Let u(j) = 7*j**3 - 11*j**2 + 8*j - 2. Determine u(4).
302
Let d(x) = -3*x**3 + 7*x**2 + 39*x + 7. Calculate d(5).
2
Let t(p) = -p**3 + 39*p**2 - 292*p + 28. What is t(29)?
-30
Let f(p) = -4*p**3 + 76*p**2 - 7*p - 28. What is f(19)?
-161
Let b(v) = 2*v**2 - 220*v + 5170. Give b(34).
2
Let f(o) = -o**3 - 48*o**2 + 98*o + 4. Calculate f(2).
0
Let w(o) = o**3 + 12*o**2 - 10*o + 28. Calculate w(-13).
-11
Let h(q) = q**3 + 6*q**2 - 95*q + 35. Give h(9).
395
Let v(c) = 2*c**2 + 247*c + 1585. Determine v(-117).
64
Let u(c) = c**2 + 121*c + 2595. Calculate u(-28).
-9
Let l(f) = f**3 - 7*f**2 - 24*f - 12. Calculate l(6).
-192
Let r(h) = 2*h**3 + 2*h**2 - 4*h + 13. Determine r(5).
293
Let m(j) = -j**2 + 181*j - 7279. Determine m(121).
-19
Let w(p) = p**2 - 167*p - 675. What is w(-4)?
9
Let f(t) = t**2 + 53*t - 7138. Calculate f(-115).
-8
Let q(o) = 8*o + 270. Give q(-37).
-26
Let s(l) = 2*l**2 - 8*l - 34. Determine s(-6).
86
Let y(u) = -1015*u - 18. What is y(0)?
-18
Let s(r) = 19*r**2 + 78*r - 43. What is s(-5)?
42
Let c(y) = -358*y + 1065. Determine c(3).
-9
Let w(f) = -5*f**2 - 246*f - 474. Calculate w(-2).
-2
Let i(k) = k**3 - 19*k - 12. What is i(-5)?
-42
Let m(u) = -u**3 + 2*u**2 + 12*u - 16. Give m(0).
-16
Let a(g) = g**3 - 64*g**2 - 570*g - 416. Determine a(72).
16
Let q(t) = 14270*t - 85615. What is q(6)?
5
Let j(l) = -l**2 + 6*l - 95. Give j(0).
-95
Let g(l) = -l**3 + 39*l**2 + 550*l + 3. Determine g(50).
3
Let a(y) = 32*y**2 - 10*y - 7. Determine a(-1).
35
Let l(d) = 6*d + 196. Give l(-19).
82
Let y(w) = w**3 + 16*w**2 + 5*w - 33. Calculate y(-15).
117
Let f(c) = 5*c**3 + 4*c**2 + 9*c + 7. What is f(-1)?
-3
Let v(p) = p + 6. Give v(-7).
-1
Let a(d) = -29*d**2 - 2*d - 1. What is a(2)?
-121
Let v(u) = 3*u**2 + 56*u + 90. Determine v(-23).
389
Let j(w) = -68*w + 1119. Give j(16).
31
Let n(z) = 3*z**3 + 4*z**2 - 13*z + 9. Calculate n(1).
3
Let l(j) = 2*j**3 - 51*j**2 - 29*j + 81. Give l(26).
3
Let i(o) = -57*o**2 + 1875*o + 191. Calculate i(33).
-7
Let o(x) = 27*x + 13. Calculate o(5).
148
Let w(h) = -9*h**2 + 33*h - 2. What is w(4)?
-14
Let i(j) = -134*j + 3547. What is i(24)?
331
Let q(x) = 102*x + 772. Determine q(-11).
-350
Let j(b) = -167*b**2 - 332*b - 16. Calculate j(-2).
-20
Let h(o) = -3*o**3 + 186*o**2 + o - 66. Calculate h(62).
-4
Let f(i) = -69*i - 1454. Determine f(-15).
-419
Let n(k) = 6*k**2 + 81*k + 61. Determine n(-10).
-149
Let f(x) = x**3 - 14*x**2 + 10*x - 7. What is f(12)?
-175
Let v(g) = 8*g**2 + 101*g - 297. Calculate v(-15).
-12
Let f(j) = -j**2 - 12*j + 79. Calculate f(-17).
-6
Let k(y) = y**2 - 30*y + 17. Give k(22).
-159
Let i(p) = 124*p + 1985. Determine i(-16).
1
Let l(r) = r**3 - 11*r**2 + 4*r - 60. What is l(10)?
-120
Let r(l) = 35*l + 2720. Calculate r(-78).
-10
Let q(d) = -175*d - 5950. What is q(-34)?
0
Let q(f) = f**2 - 147*f - 1574. Give q(157).
-4
Let p(w) = 2*w**2 + 33*w + 23. Determine p(-22).
265
Let n(y) = y**3 - 9*y**2 + 23*y - 15. Give n(6).
15
Let d(v) = -1116*v - 6696. Give d(-6).
0
Let d(u) = 3*u**2 - 59*u - 90. Calculate d(21).
-6
Let a(p) = 89*p + 12222. Determine a(-137).
29
Let f(r) = -6*r**2 - 17*r - 40. Calculate f(-9).
-373
Let h(y) = -208*y + 25. What is h(2)?
-391
Let f(j) = j**3 + 73*j + 164. Calculate f(-2).
10
Let j(g) = -g**2 + 75*g - 408. What is j(6)?
6
Let g(j) = -2*j**3 + 6*j**2 - 6*j + 16. Give g(3).
-2
Let c(q) = -6*q + 214. Determine c(0).
214
Let p(r) = -r**2 + 552. Calculate p(23).
23
Let q(o) = -322*o - 11258. Give q(-35).
12
Let a(v) = 2*v**3 + 56*v**2 - 345*v - 487. What is a(-33)?
8
Let v(d) = 7*d**2 + 7*d - 12. Calculate v(-5).
128
Let r(q) = -q**2 - 27*q + 34. Calculate r(8).
-246
Let z(q) = -5*q**3 - 15*q**2 + 32*q + 97. Determine z(-3).
1
Let d(p) = 2*p**3 + 12*p**2 + 2*p + 2. Calculate d(0).
2
Let w(b) = 62*b - 659. Determine w(14).
209
Let w(g) = -3*g**2 - 114*g + 4262. Give w(23).
53
Let o(z) = -2*z**2 - 15*z + 60. Determine o(3).
-3
Let n(v) = -24*v**2 - 186*v - 6. Give n(-7).
120
Let l(c) = c**2 + 110*c + 1337. Determine l(-96).
-7
Let v(p) = -3*p**3 - 110*p**2 - 65*p + 147. Determine v(-36).
-105
Let f(x) = 44*x + 41. What is f(-9)?
-355
Let d(o) = 181*o + 157. Give d(-1).
-24
Let a(o) = 77*o**2 - 117*o - 118. Determine a(-1).
76
Let w(m) = 35*m**3 + 1399*m**2 - 39*m + 16. Give w(-40).
-24
Let a(u) = -6*u**2 + 156*u - 11. Give a(26).
-11
Let q(p) = -272*p + 794. Determine q(3).
-22
Let k(m) = 2*m**3 - 3*m**2 - 9*m + 9. What is k(2)?
-5
Let i(f) = 8*f**2 + 65*f + 94. Determine i(-7).
31
Let g(k) = 2*k**3 + 8*k**2 + 11*k + 18. Calculate g(-6).
-192
Let x(a) = -a - 4. Calculate x(-12).
8
Let g(r) = -11*r**3 + 89*r**2 + 19*r - 226. Calculate g(8).
-10
Let j(k) = -9*k**2 - 62*k + 7236. What is j(-32)?
4
Let y(s) = s**2 - 45*s + 7. Calculate y(45).
7
Let f(p) = p**2 - 9*p. Calculate f(12).
36
Let l(a) = -a**3 - 71*a**2 - 4*a + 4614. Give l(-70).
-6
Let j(w) = w**2 + 31*w - 515. Give j(-43).
1
Let m(q) = -191*q - 6. Determine m(0).
-6
Let v(g) = 2*g**3 - 6*g**2 - 24*g - 29. What is v(-5)?
-309
Let k(s) = -5*s**3 + 164*s**2 + 45*s - 391. Determine k(33).
5
Let l(a) = 23*a**2 + 73*a - 73. Determine l(1).
23
Let f(h) = -h**3 + 7*h**2 + 64*h - 24. Give f(-7).
214
Let b(t) = -t**3 - 30*t**2 - 100*t + 49. Give b(-26).
-55
Let f(o) = 5*o**2 + 2*o - 16. Give f(5).
119
Let h(r) = -12*r + 294. Determine h(22).
30
Let q(s) = -2*s**3 + 14*s**2 + 12*s - 80. Determine q(7).
4
Let z(d) = -108*d - 4424. Calculate z(-41).
4
Let k(x) = -x**3 + 17*x**2 + 114*x - 2086. Determine k(16).
-6
Let g(a) = a**2 + 205*a + 9104. Determine g(-140).
4
Let c(a) = -43*a**2 + 6408*a - 149. Calculate c(149).
0
Let i(s) = 2*s + 53. Give i(-24).
5
Let c(l) = -28*l + 677. What is c(24)?
5
Let w(q) = -20*q**2 - 146*q - 11. What is w(-7)?
31
Let z(a) = 101*a - 112. Give z(1).
-11
Let d(m) = -2336*m + 65395. Give d(28).
-13
Let v(p) = -p**2 - 12*p + 68. Give v(4).
4
Let a(f) = 42*f**2 + 312*f. Calculate a(-7).
-126
Let f(r) = 20483*r + 163866. Give f(-8).
2
Let d(q) = 15*q**2 + 42*q + 11. Calculate d(-4).
83
Let w(a) = -a**2 + 84*a + 31. Calculate w(0).
31
Let k(n) = 3*n**2 + 13*n - 874. What is k(15)?
-4
Let q(o) = -10*o - 219. Determine q(-21).
-9
Let f(m) = m**3 + 5*m**2 - 4*m + 7. Give f(-4).
39
Let l(s) = s**3 - 8*s**2 + s - 119. Calculate l(0).
-119
Let i(z) = -z**3 + 2*z**2 + 21*z + 122. Give i(-4).
134
Let x(m) = 16*m**2 + 474*m - 192. Calculate x(-30).
-12
Let k(v) = 145*v + 148. Determine k(-1).
3
Let a(w) = -233*w - 1006. What is a(-5)?
159
Let p(y) = 21*y**3 - 3*y**2 + 159*y - 157. Determine p(1).
20
Let o(g) = -g**3 + 14*g**2 + 9*g - 13. Calculate o(15).
-103
Let z(c) = c**2 + 45*c + 505. Calculate z(-34).
131
Let a(g) = 8*g - 423. Determine a(49).
-31
Let h(t) = -332*t - 25251. Calculate h(-76).
-19
Let h(r) = -3*r**2 - 128*r + 68. Determine h(-43).
25
Let i(r) = -2*r**2 + 544*r + 20127. Determine i(-33).
-3
Let y(p) = 59*p - 622. Calculate y(8).
-150
Let a(g) = 55*g - 269. Calculate a(5).
6
Let p(m) = 19*m**2 - m - 18. Give p(2).
56
Let j(b) = -2*b**2 + 17*b - 31. What is j(13)?
-148
Let a(z) = 2*z**3 - 34*z**2 - 85*z + 148. Calculate a(19).
-23
Let y(h) = -10*h - 315. Give y(-30).
-15
Let j(n) = n**3 + 83*n**2 - 176*n - 516. Calculate j(-85).
-6
Let a(k) = 130*k**3 + 2*k**2 - 9*k - 11. Give a(-1).
-130
Let v(n) = -18*n**2 - 45*n - 131. Determine v(-3).
-158
Let j(x) = 2*x**3 - 33*x**2 + 127*x - 15. Give j(6).
-9
Let z(n) = -n**3 + 60*n**2 - 55*n - 247. Determine z(59).
-11
Let y(j) = -12*j**3 + j**2 - 2*j + 4. What is y(-2)?
108
Let h(b) = 3*b - 23. Determine h(3).
-14
Let x(d) = -d**2 + 16*d + 103. Calculate x(-13).
-274
Let d(y) = -y**3 - 3*y**2 - 13*y + 11. Determine d(-7).
298
Let i(j) = -65*j - 1095. Calculate i(-17).
10
Let k(w) = -w**3 + 92*w**2 + 7*w - 642. Calculate k(92).
2
Let a(l) = -l**2 - 237*l + 12368. What is a(44)?
4
Let g(t) = -36*t - 1. Give g(3).
-109
Let h(a) = 160*a + 507. Calculate h(-3).
27
Let p(k) = -3*k**2 - 42*k - 138. Give p(-8).
6
Let k(v) = -v**3 + 11*v**2 - 29*v + 38. Give k(8).
-2
Let y(i) = 2*i**3 + 6*i**2 - 33*i - 74. Determine y(-2).
0
Let z(v) = v**2 - 32*v + 245. Determine z(16).
-11
Let g(d) = -d**3 - 42*d**2 + 4*d - 139. Calculate g(-42).
-